hat is the hundred thousands digit of 4067862587?
8
What is the hundred millions digit of 388744655?
3
What is the ten thousands digit of 36122867?
2
What is the hundreds digit of 775454814?
8
What is the units digit of 81468038?
8
What is the ten thousands digit of 2388439488?
3
What is the millions digit of 1006677931?
6
What is the ten thousands digit of 3187916936?
1
What is the ten thousands digit of 141502964?
0
What is the ten thousands digit of 162729106?
2
What is the hundred millions digit of 609717670?
6
What is the units digit of 963798686?
6
What is the hundred millions digit of 423201629?
4
What is the hundred thousands digit of 28784338?
7
What is the millions digit of 83397695?
3
What is the thousands digit of 1168147541?
7
What is the hundred thousands digit of 729424484?
4
What is the hundreds digit of 87484076?
0
What is the hundred millions digit of 109115676?
1
What is the hundreds digit of 273613518?
5
What is the tens digit of 43140891?
9
What is the hundreds digit of 33211057?
0
What is the ten millions digit of 1231659321?
3
What is the hundred thousands digit of 18652386?
6
What is the hundreds digit of 1127992683?
6
What is the hundred millions digit of 509215143?
5
What is the hundred thousands digit of 261467368?
4
What is the hundreds digit of 47760934?
9
What is the millions digit of 179231687?
9
What is the ten thousands digit of 27114452?
1
What is the hundred thousands digit of 15613877?
6
What is the tens digit of 321116961?
6
What is the thousands digit of 471015378?
5
What is the hundreds digit of 73468895?
8
What is the ten millions digit of 464054004?
6
What is the units digit of 1828384633?
3
What is the hundred thousands digit of 101583889?
5
What is the millions digit of 588558441?
8
What is the hundred thousands digit of 3867014374?
0
What is the ten thousands digit of 85641775?
4
What is the tens digit of 146238780?
8
What is the ten thousands digit of 167724343?
2
What is the ten millions digit of 47010711?
4
What is the hundred thousands digit of 80746717?
7
What is the ten millions digit of 4735960082?
3
What is the hundred millions digit of 366922028?
3
What is the hundred millions digit of 434024051?
4
What is the hundreds digit of 5946892125?
1
What is the millions digit of 418113437?
8
What is the hundred thousands digit of 35621363?
6
What is the millions digit of 95760839?
5
What is the hundred thousands digit of 284382947?
3
What is the millions digit of 4055718115?
5
What is the ten thousands digit of 436666081?
6
What is the hundred thousands digit of 53803491?
8
What is the millions digit of 44471663?
4
What is the tens digit of 75934967?
6
What is the ten millions digit of 110025327?
1
What is the ten thousands digit of 806251951?
5
What is the ten thousands digit of 15691671?
9
What is the units digit of 420963732?
2
What is the millions digit of 73819070?
3
What is the hundreds digit of 44340350?
3
What is the ten thousands digit of 2216219635?
1
What is the hundred millions digit of 743159053?
7
What is the thousands digit of 2135592784?
2
What is the millions digit of 586075201?
6
What is the units digit of 571934841?
1
What is the hundred millions digit of 2783761022?
7
What is the ten thousands digit of 18156188?
5
What is the hundreds digit of 1391629768?
7
What is the units digit of 792342612?
2
What is the millions digit of 1158394656?
8
What is the ten thousands digit of 1798101252?
0
What is the hundred millions digit of 197081468?
1
What is the thousands digit of 615434111?
4
What is the units digit of 80934008?
8
What is the millions digit of 189009076?
9
What is the hundred thousands digit of 1336669058?
6
What is the thousands digit of 572101946?
1
What is the tens digit of 188252358?
5
What is the tens digit of 790081209?
0
What is the hundreds digit of 1034421233?
2
What is the hundred thousands digit of 111801458?
8
What is the hundred thousands digit of 914610194?
6
What is the hundred thousands digit of 72919741?
9
What is the ten millions digit of 173799969?
7
What is the hundred thousands digit of 13965257?
9
What is the hundred thousands digit of 133302050?
3
What is the thousands digit of 357439429?
9
What is the millions digit of 172578578?
2
What is the ten thousands digit of 3578872?
7
What is the hundreds digit of 836731111?
1
What is the billions digit of 1597737744?
1
What is the hundreds digit of 338570352?
3
What is the hundred thousands digit of 45681678?
6
What is the millions digit of 24923622?
4
What is the hundred millions digit of 175770999?
1
What is the ten millions digit of 4188138307?
8
What is the hundred thousands digit of 58033989?
0
What is the hundred thousands digit of 94289466?
2
What is the ten thousands digit of 1289795071?
9
What is the millions digit of 88199924?
8
What is the millions digit of 58338742?
8
What is the hundreds digit of 746574478?
4
What is the ten millions digit of 337828862?
3
What is the hundred thousands digit of 255965489?
9
What is the thousands digit of 631022910?
2
What is the units digit of 18328008?
8
What is the thousands digit of 130007236?
7
What is the thousands digit of 27323415?
3
What is the tens digit of 276706481?
8
What is the tens digit of 33593834?
3
What is the tens digit of 221437837?
3
What is the hundred millions digit of 674751393?
6
What is the units digit of 886690788?
8
What is the millions digit of 48409621?
8
What is the billions digit of 2523611516?
2
What is the billions digit of 3844033136?
3
What is the thousands digit of 761500316?
0
What is the units digit of 6717214502?
2
What is the hundreds digit of 186097078?
0
What is the tens digit of 50470666?
6
What is the millions digit of 8029342?
8
What is the hundreds digit of 191988059?
0
What is the units digit of 55326770?
0
What is the ten thousands digit of 1933582370?
8
What is the millions digit of 450847808?
0
What is the hundred millions digit of 1628861538?
6
What is the units digit of 30370786?
6
What is the millions digit of 3808774435?
8
What is the thousands digit of 398630532?
0
What is the units digit of 67177468?
8
What is the ten thousands digit of 278949912?
4
What is the thousands digit of 2366724?
6
What is the hundred millions digit of 742784981?
7
What is the millions digit of 70009198?
0
What is the units digit of 1814319745?
5
What is the ten millions digit of 87175088?
8
What is the hundred thousands digit of 656355162?
3
What is the ten millions digit of 2043651569?
4
What is the tens digit of 1461926443?
4
What is the hundreds digit of 5845328412?
4
What is the ten thousands digit of 2537438414?
3
What is the thousands digit of 39734880?
4
What is the hundred thousands digit of 626428668?
4
What is the units digit of 1584719900?
0
What is the hundreds digit of 70140890?
8
What is the hundred thousands digit of 2172948618?
9
What is the hundreds digit of 40791927?
9
What is the tens digit of 307970291?
9
What is the units digit of 3163842932?
2
What is the ten millions digit of 71763966?
7
What is the billions digit of 2310363481?
2
What is the units digit of 138244327?
7
What is the tens digit of 173153319?
1
What is the tens digit of 29521853?
5
What is the billions digit of 5787218434?
5
What is the ten millions digit of 25214959?
2
What is the hundreds digit of 103576645?
6
What is the units digit of 1833978153?
3
What is the ten millions digit of 176025963?
7
What is the ten thousands digit of 2379738?
7
What is the thousands digit of 64743664?
3
What is the thousands digit of 33627581?
7
What is the tens digit of 138478695?
9
What is the tens digit of 62941004?
0
What is the ten millions digit of 344758928?
4
What is the hundreds digit of 144607598?
5
What is the ten thousands digit of 303189110?
8
What is the ten thousands digit of 639377318?
7
What is the tens digit of 11580124?
2
What is the ten millions digit of 42166406?
4
What is the tens digit of 230311534?
3
What is the hundreds digit of 9602943?
9
What is the ten millions digit of 73905270?
7
What is the millions digit of 3692885631?
2
What is the ten millions digit of 9317391442?
1
What is the ten millions digit of 93818460?
9
What is the tens digit of 71728977?
7
What is the millions digit of 147654769?
7
What is the millions digit of 287